ors of 3340.
2, 5, 167
What are the prime factors of 4162?
2, 2081
List the prime factors of 6437.
41, 157
What are the prime factors of 63321?
3, 21107
What are the prime factors of 22773?
3, 7591
List the prime factors of 43363.
103, 421
What are the prime factors of 22876?
2, 7, 19, 43
List the prime factors of 3148.
2, 787
List the prime factors of 9516.
2, 3, 13, 61
What are the prime factors of 517?
11, 47
What are the prime factors of 850?
2, 5, 17
What are the prime factors of 912?
2, 3, 19
What are the prime factors of 51437?
51437
List the prime factors of 371.
7, 53
List the prime factors of 906.
2, 3, 151
What are the prime factors of 19580?
2, 5, 11, 89
What are the prime factors of 45033?
3, 17, 883
List the prime factors of 85905.
3, 5, 23, 83
List the prime factors of 1217.
1217
List the prime factors of 44928.
2, 3, 13
What are the prime factors of 307?
307
What are the prime factors of 68522?
2, 34261
What are the prime factors of 9139?
13, 19, 37
List the prime factors of 101275.
5, 4051
List the prime factors of 2246.
2, 1123
What are the prime factors of 305?
5, 61
List the prime factors of 26095.
5, 17, 307
What are the prime factors of 18186?
2, 3, 7, 433
List the prime factors of 24562.
2, 12281
What are the prime factors of 3592?
2, 449
What are the prime factors of 830?
2, 5, 83
List the prime factors of 834.
2, 3, 139
List the prime factors of 21922.
2, 97, 113
What are the prime factors of 15708?
2, 3, 7, 11, 17
List the prime factors of 3364.
2, 29
List the prime factors of 78642.
2, 3, 17, 257
What are the prime factors of 1351?
7, 193
List the prime factors of 15992.
2, 1999
List the prime factors of 66524.
2, 16631
What are the prime factors of 349?
349
List the prime factors of 225.
3, 5
List the prime factors of 4244.
2, 1061
List the prime factors of 840.
2, 3, 5, 7
List the prime factors of 2091.
3, 17, 41
List the prime factors of 54768.
2, 3, 7, 163
List the prime factors of 17816.
2, 17, 131
List the prime factors of 6825.
3, 5, 7, 13
List the prime factors of 1617.
3, 7, 11
What are the prime factors of 7?
7
List the prime factors of 13385.
5, 2677
What are the prime factors of 30830?
2, 5, 3083
What are the prime factors of 221?
13, 17
What are the prime factors of 447?
3, 149
What are the prime factors of 10494?
2, 3, 11, 53
What are the prime factors of 976?
2, 61
What are the prime factors of 2094?
2, 3, 349
What are the prime factors of 1027?
13, 79
List the prime factors of 2013.
3, 11, 61
What are the prime factors of 6642?
2, 3, 41
What are the prime factors of 11616?
2, 3, 11
What are the prime factors of 137?
137
List the prime factors of 18647.
29, 643
What are the prime factors of 9494?
2, 47, 101
What are the prime factors of 2614?
2, 1307
What are the prime factors of 578?
2, 17
What are the prime factors of 667?
23, 29
What are the prime factors of 60785?
5, 12157
List the prime factors of 5241.
3, 1747
What are the prime factors of 4332?
2, 3, 19
List the prime factors of 1244.
2, 311
What are the prime factors of 4362?
2, 3, 727
What are the prime factors of 929?
929
What are the prime factors of 13396?
2, 17, 197
List the prime factors of 843.
3, 281
What are the prime factors of 2648?
2, 331
What are the prime factors of 16620?
2, 3, 5, 277
List the prime factors of 1110.
2, 3, 5, 37
List the prime factors of 59086.
2, 31, 953
What are the prime factors of 392?
2, 7
List the prime factors of 6279.
3, 7, 13, 23
What are the prime factors of 12480?
2, 3, 5, 13
What are the prime factors of 23788?
2, 19, 313
What are the prime factors of 5120?
2, 5
List the prime factors of 116400.
2, 3, 5, 97
List the prime factors of 95.
5, 19
List the prime factors of 9947.
7, 29
What are the prime factors of 75651?
3, 151, 167
List the prime factors of 333.
3, 37
What are the prime factors of 89230?
2, 5, 8923
What are the prime factors of 802?
2, 401
List the prime factors of 1056.
2, 3, 11
List the prime factors of 1489.
1489
What are the prime factors of 1359?
3, 151
What are the prime factors of 15783?
3, 5261
List the prime factors of 8087.
8087
List the prime factors of 23615.
5, 4723
List the prime factors of 3539.
3539
What are the prime factors of 7201?
19, 379
List the prime factors of 1394.
2, 17, 41
List the prime factors of 2652.
2, 3, 13, 17
List the prime factors of 5590.
2, 5, 13, 43
What are the prime factors of 29710?
2, 5, 2971
List the prime factors of 8406.
2, 3, 467
List the prime factors of 1139.
17, 67
List the prime factors of 5195.
5, 1039
List the prime factors of 535.
5, 107
What are the prime factors of 13257?
3, 491
What are the prime factors of 9817?
9817
What are the prime factors of 509?
509
What are the prime factors of 143694?
2, 3, 887
List the prime factors of 551.
19, 29
List the prime factors of 2593.
2593
List the prime factors of 3632.
2, 227
What are the prime factors of 538?
2, 269
List the prime factors of 4175.
5, 167
List the prime factors of 29356.
2, 41, 179
What are the prime factors of 2316?
2, 3, 193
List the prime factors of 306.
2, 3, 17
What are the prime factors of 132?
2, 3, 11
List the prime factors of 1804.
2, 11, 41
List the prime factors of 3909.
3, 1303
List the prime factors of 4933.
4933
List the prime factors of 12931.
67, 193
List the prime factors of 4938.
2, 3, 823
What are the prime factors of 64657?
19, 41, 83
List the prime factors of 65822.
2, 32911
List the prime factors of 12388.
2, 19, 163
What are the prime factors of 43759?
43759
List the prime factors of 6115.
5, 1223
List the prime factors of 1592.
2, 199
List the prime factors of 3072.
2, 3
What are the prime factors of 66123?
3, 31, 79
What are the prime factors of 15955?
5, 3191
List the prime factors of 16182.
2, 3, 29, 31
What are the prime factors of 2675?
5, 107
List the prime factors of 1094.
2, 547
What are the prime factors of 3157?
7, 11, 41
What are the prime factors of 1455?
3, 5, 97
What are the prime factors of 45192?
2, 3, 7, 269
List the prime factors of 30384.
2, 3, 211
What are the prime factors of 7316?
2, 31, 59
What are the prime factors of 12677?
7, 1811
List the prime factors of 8989.
89, 101
What are the prime factors of 408?
2, 3, 17
What are the prime factors of 8267?
7, 1181
What are the prime factors of 4353?
3, 1451
List the prime factors of 13084.
2, 3271
What are the prime factors of 250?
2, 5
What are the prime factors of 10392?
2, 3, 433
What are the prime factors of 502?
2, 251
What are the prime factors of 22023?
3, 2447
What are the prime factors of 1177?
11, 107
List the prime factors of 87131.
11, 89
List the prime factors of 1580.
2, 5, 79
What are the prime factors of 64743?
3, 7, 3083
List the prime factors of 6261.
3, 2087
What are the prime factors of 3595?
5, 719
What are the prime factors of 59571?
3, 6619
What are the prime factors of 1310?
2, 5, 131
List the prime factors of 12461.
17, 733
What are the prime factors of 5307?
3, 29, 61
What are the prime factors of 1167?
3, 389
What are the prime factors of 6180?
2, 3, 5, 103
List the prime factors of 3743.
19, 197
List the prime factors of 418.
2, 11, 19
List the prime factors of 699.
3, 233
List the prime factors of 39886.
2, 7, 11, 37
What are the prime factors of 28809?
3, 11, 97
What are the prime factors of 5599?
11, 509
List the prime factors of 20534.
2, 10267
List the prime factors of 1459.
1459
List the prime factors of 3071.
37, 83
List the prime factors of 1253.
7, 179
List the prime factors of 3182.
2, 37, 43
List the prime factors of 4016.
2, 251
List the prime factors of 7711.
11, 701
What are the prime factors of 2943?
3, 109
List the prime factors of 18240.
2, 3, 5, 19
List the prime factors of 13891.
29, 479
What are the prime factors of 368?
2, 23
What are the prime factors of 1913?
1913
What are the prime factors of 6503?
7, 929
List the prime factors of 84639.
3, 89, 317
What are the prime factors of 18400?
2, 5, 23
List the prime factors of 194.
2, 97
List the prime factors of 22930.
2, 5, 2293
List the prime factors of 19608.
2, 3, 19, 43
List the prime factors of 36023.
13, 17, 163
List the prime factors of 721.
7, 103
What are the prime factors of 397?
397
What are the prime factors of 14487?
3, 11, 439
What are the prime factors of 106889?
89, 1201